 2 + -14 + (3 - -2)?
-7
Calculate (-2 - 0) + (-6 - -2 - -6).
0
What is the value of ((-1 - -4) + -2 - 0) + 1?
2
Calculate -14 + -13 + 21 + -4.
-10
Calculate -5 + (11 - (4 + -3 + 1)).
4
Calculate -4 - (5 + -8 + 5 + -3).
-3
What is (3 - -5) + (1 - 5) + 0?
4
Evaluate -41 + 42 + 0 + 1.
2
What is (-1 - 6 - (-4 + 3)) + 2?
-4
What is the value of -3 - (-1 - (4 + -2)) - -2?
2
What is 2 - (2 + 9 + -5)?
-4
Evaluate (-4 - -1) + (-6 - -8).
-1
Calculate 3 - (2 + (1 - (6 + -4))).
2
Calculate 1 - (1 - -2 - (1 + -2)).
-3
What is -4 - (2 + 2 + (-2 - 2))?
-4
Calculate 8 - 6 - 6 - -1.
-3
What is 11 + (6 - 17) + -3 + -2?
-5
Calculate 3 - (-1 - -3 - -6).
-5
Calculate (8 + -1 - (-10 + 17)) + 1.
1
What is 5 - -2 - 0 - 8?
-1
-4 + -2 + 1 + 0
-5
Calculate 9 + -5 - (-5 + 4).
5
What is -6 + 7 + (0 - 3) - -7?
5
-7 + -2 - (-27 + 22)
-4
What is the value of 4 + (-1 - (7 + (-2 - 10)))?
8
Calculate -2 - -3 - ((2 - 1) + 5).
-5
5 - (9 - (0 - (0 + -5)))
1
What is (2 - 0) + 1 + -5 + -4?
-6
What is the value of 4 - (-1 - -4 - (1 - 0))?
2
What is the value of (2 - 0) + -7 + 10?
5
-6 + 7 + -4 + 6
3
What is -15 - (-5 + (-6 - -1))?
-5
Evaluate -7 + -4 + 5 - 0.
-6
(8 - (7 - -8)) + 3
-4
Calculate (2 - -2 - 5) + 1.
0
-5 + 9 - (12 - 3)
-5
Calculate 16 - 26 - (-9 + 6).
-7
1 + 9 + -15 - -10
5
-11 + 17 + -7 - (0 - -1)
-2
(1 + -2 - -3) + -6
-4
Calculate (4 - 2 - 11) + 5.
-4
(2 - (-2 - -1)) + -3
0
What is (7 + -4 - 12) + (0 - -3)?
-6
(-1 - -10) + -2 + -2 + -1
4
Calculate 1 + (18 + -9 - 14).
-4
What is -2 - -3 - (11 + -13)?
3
7 + (2 - -1) - 3
7
Calculate 2 + (2 - 0) + -2 - 2.
0
Evaluate (8 - (-2 + 8)) + -8.
-6
What is the value of 3 + -2 + -5 + 5?
1
What is -9 - (-10 - (9 - 5))?
5
What is -3 + 2 - ((-1 - 8) + 4)?
4
What is the value of 6 - (8 + -8 - -3)?
3
Evaluate 0 - (8 + -4 - (1 - 2)).
-5
Calculate 1 + -15 + (-1 - -5).
-10
Evaluate -8 + (10 - 10 - -4).
-4
Evaluate -1 + (-1 - 2) + 6 + -5.
-3
What is 1 - (-1 + 10) - (34 - 37)?
-5
Calculate -3 + -5 + (6 - 3).
-5
What is 1 + 1 + -2 - (3 - 3)?
0
Evaluate -1 + 1 - (1 + -7 - -5).
1
What is 5 - 4 - ((-1 - 0) + 1)?
1
Evaluate -20 + 8 - (1 - 8).
-5
What is the value of 6 + 3 + (9 - 6) + -7?
5
0 + 5 - (8 + -4)
1
What is 63 + -68 + (7 - 0)?
2
Calculate -3 + 1 + 2 + 5 + -4.
1
Calculate (-3 - (0 - 1)) + 5.
3
What is 4 + 2 + -5 + 1 + -2?
0
What is the value of -1 + 3 + (1 - -1)?
4
4 + 0 + -4 + 3 + -1
2
-1 + (-4 - -5) + 5
5
What is the value of -18 + (2 - 1) + 14?
-3
Evaluate -3 + 14 + -7 + -4.
0
What is (2 - 2 - 1) + 6?
5
Evaluate 9 + (-2 - 1 - 3).
3
Evaluate -11 - -8 - ((1 - -3) + -8).
1
What is the value of (3 - -2 - 2) + (12 - 13)?
2
1 + -3 + (-4 - -3)
-3
What is the value of 11 + (-12 - -5) + 2 + 0?
6
6 - 2 - 9 - (11 - 10)
-6
Evaluate 2 + (-14 + 4 - -7).
-1
What is 20 - (-6 + 12) - 9?
5
What is -4 + 7 + 2 + 5?
10
What is the value of 0 + -2 + (-4 - -2)?
-4
Evaluate -1 + 15 + 13 + -19.
8
Calculate 5 - (7 - (-5 + (2 - -1))).
-4
Evaluate (2 - 7) + 0 + 0.
-5
Calculate -7 - (-5 - (-5 - -4)).
-3
Evaluate 8 - (5 - (-3 + 1)).
1
Evaluate -4 + 1 + -3 - (-3 + 3).
-6
What is -8 + (-1 + -2 - (-4 - 1))?
-6
Evaluate -8 - -4 - -5 - (4 - 1).
-2
Evaluate -3 + 4 + 1 + -6.
-4
What is (-33 - -40) + (0 - 4) + 2?
5
What is -6 + (0 - 2) + 4?
-4
Calculate 19 - 15 - (2 + -2 - -1).
3
Evaluate (-2 - (3 - 5)) + -3.
-3
-4 + -9 + 10 - -3
0
Evaluate -13 + (11 - (-7 + 9)).
-4
Calculate (2 + -1 - (2 + -1)) + -1.
-1
What is the value of 8 - (-2 - -6) - 3?
1
Evaluate (4 - 6) + -20 + 16.
-6
Calculate -7 + (-3 - -4) - (-10 - -1).
3
Evaluate 0 + 3 + 5 + -11.
-3
Calculate -2 + 7 + -3 - (-3 - 0).
5
Evaluate 5 + -5 - (3 + -4 + 0).
1
What is (-5 - 4) + 4 + 7 + 0?
2
What is the value of 0 + 2 + (-22 - -13)?
-7
Calculate -5 + -1 - (25 + -14 + -14).
-3
What is 6 - ((-2 - -11) + -1)?
-2
Evaluate -7 + 8 + -2 + (-4 - -6).
1
What is -8 + (3 - -10) - 5?
0
Calculate 0 - (-8 + 7 - -7).
-6
What is (4 + 0 - (-12 - -14)) + 2?
4
Evaluate 5 + (-10 - -13) + -4 + -2.
2
Calculate -35 + 31 + (1 - 0).
-3
What is the value of (2 - (-6 - -12)) + 2?
-2
Calculate -6 - (-9 - -17 - 14).
0
What is -4 + (-1 - -8) + -11?
-8
Evaluate 3 - (8 - 4 - -2 - 2).
-1
Calculate -4 + -4 + 3 - (-13 + 9).
-1
What is the value of (-2 + (11 - 1) - 2) + -1?
5
Evaluate -4 + (4 - 2) + 1 + -2.
-3
What is 6 + -6 + 5 + -8?
-3
Calculate (11 - (7 + -5)) + -15.
-6
What is -27 + 13 + 5 - (-3 + -4)?
-2
What is (9 - 10) + -10 + 17?
6
Evaluate 3 + (4 + -1 - 3) + -1.
2
Calculate 3 - (10 - 11) - (0 + 7).
-3
2 + (-8 - (-3 + -2))
-1
Evaluate 0 + 1 - (-4 - 4 - -5).
4
Evaluate 4 + -3 + -2 - -5.
4
What is 9 - (0 - -18) - -2?
-7
What is -2 - -1 - (4 - (-2 + 8))?
1
What is 4 + 2 + (-4 - 12) - -6?
-4
(28 - 36) + (5 - 2)
-5
What is the value of (-5 - (-2 + -1) - -4) + 2?
4
2 - (4 - 0) - (0 - -3)
-5
What is the value of 1 + (0 - 1) + (-1 - 0)?
-1
-14 - -28 - 8 - -5
11
1 + 6 - (-5 - -23) - -6
-5
-3 + -2 + -3 + 6
-2
-3 + 2 + 4 - 2
1
What is -2 - 0 - (-13 + 6)?
5
(-5 - -3) + (0 - -3)
1
Calculate (-2 - (0 - 5)) + -5 + -2.
-4
What is the value of -14 + (-3 - -11 - (14 + -11))?
-9
What is (1 - 4) + 6 + -4 + 7?
6
What is the value of (-1 - 2) + 0 + 0 + 3?
0
Calculate (-3 - (2 - 2)) + 0 + 3.
0
What is 7 + (-1 - (-6 + 0 + 3))?
9
What is the value of -3 + (1 + 2 - 1 - -3)?
2
Calculate 6 + -10 + 3 - -2.
1
Evaluate -5 - -2 - -1 - (-4 + -3).
5
Evaluate -6 + (-4 - -4) - 4 - -5.
-5
What is (7 - 5 - 0) + (0 - 3)?
-1
What is 2 + -2 + 4 + 3?
7
What is 18 + -14 - (-1 + (-3 - -5))?
3
What is the value of 2 - 3 - (-4 - -2 - -5)?
-4
Calculate 3 + -12 + 5 + 3.
-1
What is the value of 5 - (8 + (-8 - 0))?
5
What is 21 + 3 + -13 - 7?
4
What is (-1 + -1 - -1) + -2 + 2?
-1
Evaluate (1 - -4) + -5 - (0 - 0).
0
What is the value of (3 - 4) + -1 + 1?
-1
What is the value of (2 - -3) + 6 + -13 + 1?
-1
Calculate 1 + -1 + 0 + -1.
-1
Evaluate -2 + 19 + -10 + 1.
8
Evaluate -2 + (2 - 3) + 4 - -2.
3
What is -7 + 5 - -7 - 0?
5
What is (1 - (2 - 2 - 3)) + -2?
2
Evaluate 8 + (-3 - 3 - -3 - -1).
6
What is the value of (63 - 67) + (0 - 2) + 9?
3
Calculate 1 - (-1 + (-4 - -3)) - 6.
-3
What is (10 - 1) + (-3 - 2)?
4
What is (-7 + 5 - 0) + 0 + 3?
1
-3 + (-5 - (-1 - (2 - -4)))
-1
3 - (-3 + (11 - 1))
-4
-6 - (-5 + (3 - 8))
4
0 + (3 - 7 - 0 - -8)
4
0 + (10 - 21) + 17
6
What is the value of (1 - -3) + -1 + 1?
4
Calculate 13 + -12 - (-6 - -10).
-3
What is the value of -5 + (-7 - (-4 - (1 + 3)))?
-4
Evaluate 3 - (1 + (-2 - -3)) - 2.
-1
Calculate -3 + -1 + 5 + -1 + 3.
3
Evaluate 2 + (2 + 10 - (35 + -32)).
11
What is 14 - (-3 + -5 + 4 + 11)?
7
(6 - 1 - 8) + -1
-4
What is the value of 5 + -17 + 2 - -13?
3
What is 0 - 1 - (-71 - -76)?
-6
-13 + 6 + -3 + (-5 - -9)
-6
What is 4 - (54 - 54 - (0 - 4))?
0
Evaluate 0 + -3 + 1 + 0 - 2.
-4
What is the value of 1 - (2 + 2) - (0 - 2)?
-1
2 + 5 - (46 - 39)
0
(-31 - -35) + (1 - -1)
6
Calculate 4 + 3 + -4 + 0.
3
What is 2 + (5 - 3) + 5 - 5?
4
(2 - (7 + -4)) + 0 - -3
2
Evaluate 2 + -6 + 6 + -10 + 4.
-4
What is 4 + 0 + (-6 - -7)?
5
Calculate 6 - 0 - (-1 - -4 - -1).
2
Calculate (35 - 30) + (4 - 2).
7
What is the value of 1 + (0 - (7 + (1 - 7)))?
0
-6 + 3 + (-10 - -3 - -12)
2
What is 1 - -2 - (0 - -7) - 1?
-5
Evaluate -3 + 2 + (7 - 3) - 7.
-4
What is the value of 7 + -4 + 2 - 8?
-3
Calculate (-16 - -14) + -1 + 3.
0
Calculate -1 + 1 + 5 + -62 + 56.
-1
-2 + (1 - -6) - 2
3
8 + -3 + 1 + 3 - 4
5
What is the value of 17 + -9 + (14 - 12)?
10
Calculate -1 + 6 - (-5 + 10) - -4.
4
What is the value of -1 + (3 + -5 - (-2 - 1))?
0
Calculate (0 - 2) + (7 - (5 + -2)).
2
Calculate -3 + (4 - 4) - 1.
-4
Evaluate (2 - 4 - 4) + 4.
-2
Calculate -5 + 2 + -3 + 6.
0
What is the value of -3 + (-5 + 6 - 0)?
-2
What is 3 + (-13 - -6) - (-6 + 12)?
-10
2 - (0 + 1 - (-4 + 3))
0
What is (-10 - 1) + (-37 - -40)?
-8
Calculate 7 + 3 + -8 + -2 + -5.
-5
11 + (2 - 11 - -6)
8
Evaluate 2 + -4 + (-1 - 0) + -1.
-4
5 - 5 - (5 - (3 - 1))
-3
5 - (-6 + 1 + (-61 - -72))
-1
Evaluate 13 + -13 + (-1 - -5).
4
What is the value of 3 - (1 + (-1 + 1 - 4))?
6
What is the value of 0 - (-3 + (-1 - -3 - 2))?
3
(3 - 0 - 0) + -5
-2
What is 4 + (7 - 7) - 2?
2
What is -1 - (0 + -1) - (5 - 8)?
3
-6 + 0 + 3 + 5 + 0
2
Calculate (-8 - -26) + -9 + -4 + 1.
6
What is the value of (-1 + 0 - 3) + 3?
-1
What is 0 + (-2 - (0 - -4 - 2))?
-4
Calculate 4 + (-1 - 3) + 5.
5
What is (-2 - (7 - 11)) + -2 + -3?
-3
What is the value of (-7 - -4 - -2) + 6 + 0?
